s + 18 = 0. Let k = -1 - s. Let t = k - -28. What is the remainder when 62 is divided by t?
20
Let x(q) = q**3 + 16*q**2 - q - 14. Let k be x(-16). Suppose k*t - z = 57, -5*t + 2*t + 113 = 4*z. What is the remainder when 121 is divided by t?
28
Suppose 0 = -4*k + 6*z - z + 31, -3*z + 48 = 5*k. What is the remainder when 6/10 - 594/(-10) is divided by k?
6
Suppose -2*k + 5 = 3. Let h(q) = 3*q - 1. Let d be h(k). Suppose -3*o = 2*s - 3*s + 3, d*s + o - 20 = 0. Calculate the remainder when 17 is divided by s.
8
Calculate the remainder when (-5)/((-15)/(-12))*-12 is divided by 27.
21
Suppose -270*c + 42 = -256*c. Let d = 11 - 6. Calculate the remainder when d is divided by c.
2
Let j = 2139 + -2132. Let s(p) = -p**3 - 3*p**2 - 3*p + 2. What is the remainder when s(-3) is divided by j?
4
Suppose 63 = -19*s + 10*s. Let j(b) = -b**2 - 20*b + 6. Suppose 0 = -5*a + 2*d + 125, 2*d = -0*a - 2*a + 50. What is the remainder when j(s) is divided by a?
22
Suppose 5*t = -2*f + 25, -3*t - 2*f + 8 = -7. Suppose 0 = -t*a + 4*a - 3. Let m = 15 + a. Calculate the remainder when 47 is divided by m.
11
Suppose -765 = -5*g + 10*g. Let u = g - -181. Calculate the remainder when 48 is divided by u.
20
Suppose -55*n = -58*n + 12. Suppose 0*c + 4*c - n = 0, -465 = -5*v + 5*c. Calculate the remainder when v is divided by 19.
18
Let c(o) = 4*o**2 + 17*o + 45. Calculate the remainder when 48 is divided by c(-3).
18
Let v = -159 + 182. What is the remainder when 224 is divided by v?
17
Let u = -13 + 17. Calculate the remainder when 73 is divided by (-2)/u - -79*(-1)/(-2).
34
Let h(z) = z**3 - 12*z**2 - 8*z - 19. Let v = 3 + -7. Let q be (26/2)/(v/(-4)). What is the remainder when h(q) is divided by 24?
22
Suppose 604 = 4*s + 4*a, 5*s + 0*a - 751 = -3*a. What is the remainder when s is divided by 52?
45
Calculate the remainder when (871/(-39))/((-1)/6) is divided by 45.
44
Let l = 14 + -2. Let a = -4 + 44. Let y = a - l. What is the remainder when y is divided by 8?
4
Suppose 4*t + 20 = -z, 0 = -5*z + 2*t - 0*t - 12. What is the remainder when (-5 - z - 2)*-11 is divided by 12?
9
Let u = 114 - 111. Suppose -s - 63 = -v - u*v, -v + 2*s = -21. Calculate the remainder when 41 is divided by v.
11
What is the remainder when (76/(-19))/((-4)/(-210)*-3) is divided by 42?
28
Let z = 115 + -74. Calculate the remainder when z is divided by (-2 + 0)/((-13)/((-1638)/(-12))).
20
Let b(a) = -380*a - 333. What is the remainder when b(-3) is divided by 10?
7
What is the remainder when 20 is divided by 1/(((-2)/24)/((-5)/10))?
2
Let o = -4279 - -4352. Suppose 0 = -3*b + 4*k + 98, -3*b - k - k = -122. What is the remainder when o is divided by b?
35
Calculate the remainder when 106 is divided by (3 - (3 - 29)) + -1.
22
Let r(s) = -5*s**3 - s - 2. Let z(y) = y**2 + 7*y - 1. Let w be z(-7). Calculate the remainder when -1 + (w - -3) + 8 is divided by r(-1).
1
Let y = 59 + -39. Let j = 31 - y. What is the remainder when j is divided by 6?
5
Let m(f) = -f**3 + f**2 - 3*f + 16. Calculate the remainder when m(-10) is divided by 37.
36
Calculate the remainder when (-2)/(-5) - -3*(-24)/(-20) is divided by 2.
0
Let l = 20 + 5. Suppose -41 = -2*p - 5*x, -2*p + 8*x = 4*x - 86. Calculate the remainder when p is divided by l.
8
Suppose 4*h - 192 = -8. Let k = -23 + h. Let j(c) = 2*c**2 + 50*c - 65. What is the remainder when j(-27) is divided by k?
20
Suppose -b - 3*d = -118, -3*d + 5*d = 10. Calculate the remainder when b is divided by 22.
15
Suppose 0 = -7*f + 10*f - 12. Let x be -3*(f/(-6) + 2). What is the remainder when 39 - 1/(x/12) is divided by 22?
20
Suppose -4*j = -4*v - 20, 5*v + 26 - 1 = 3*j. Suppose j = 4*u - 8, -4*u - 126 = 5*o - 389. Calculate the remainder when o is divided by 18.
15
Let t(r) = -3*r**2 + 31*r - 22. Let z = 10 - 6. What is the remainder when (-1)/(-2) - (-214)/z is divided by t(9)?
12
Let r be 2 - 3/(-1 - 2). Suppose h - r*h = -24. Suppose 0 + 45 = p. Calculate the remainder when p is divided by h.
9
Suppose -30 - 108 = -3*d. What is the remainder when 316 is divided by d?
40
Let r(a) = 9*a**2 - a - 2. Let q(x) = 3*x - 25. Let h be q(8). Calculate the remainder when 14 is divided by r(h).
6
Suppose 84 = 9*v - 204. What is the remainder when 799 is divided by v?
31
Suppose 2*j - 1585 = -1411. Calculate the remainder when j is divided by (22/5)/((-2)/(-10)).
21
Let c(z) = -z**3 - 9*z**2 - 18*z + 13. Calculate the remainder when c(-8) is divided by 28.
9
Suppose s - 2 = -0*s. Suppose s*a - 61 = -5*n, n - 23 = -2*a + 18. What is the remainder when 66 is divided by a?
12
Let i(p) = 3*p**2 + p - 1. Let c be i(1). Suppose -2*f + c*f - 37 = 0. Calculate the remainder when f is divided by 8.
5
Let f = -152 + 185. What is the remainder when 96 is divided by f?
30
Calculate the remainder when 134 is divided by 1/((-28)/4 + 6)*-4.
2
Let t = 808 + -719. What is the remainder when t is divided by 13?
11
Suppose 0 = c - 73 - 8. Let s = c - 68. Let g = -31 + 67. What is the remainder when g is divided by s?
10
Calculate the remainder when 125 is divided by 52/(-754) - (-410)/58.
6
Suppose 0 = 4*n - 12, 0*f + 4*f + 5*n - 891 = 0. What is the remainder when f is divided by 10?
9
Suppose -69*a = -64*a - 950. Suppose 8 + 12 = 5*o, 0 = 5*d + 5*o - a. Calculate the remainder when 133 is divided by d.
31
Let s(k) = 0*k**2 + 0*k + 3*k + 3 + k**2. Let x be s(-3). Calculate the remainder when (-2 - (x - 6))*9 is divided by 4.
1
Let h = 85 + 10. What is the remainder when h is divided by 10?
5
Suppose 3*d + 65 = 203. Calculate the remainder when 88 is divided by d.
42
Suppose -2*b - 46 = -18. Let u = b - -18. Suppose -5*a + 24 = -u*h, -5*a + 12 = -a + 4*h. Calculate the remainder when 13 is divided by a.
1
Calculate the remainder when (340/6)/(-17)*(-51)/2 is divided by 16.
5
Suppose o + 1 = 4. Suppose -2*n + 0 + 8 = 0. Let k = n + o. What is the remainder when 25 is divided by k?
4
Suppose 4*y - 14*y + 40 = 0. Suppose -y*v = -272 + 56. Calculate the remainder when v is divided by 19.
16
Suppose 4*k = 3*w - 1747, -8 = 4*k - 28. Calculate the remainder when w is divided by 22.
17
Let g(m) = m**3 - 14*m**2 - 17*m - 10. Let s be g(15). Calculate the remainder when (-382)/(-10) + 8/s is divided by 8.
6
Let a = 36 + -72. Let u = -27 - a. Let g = u + -1. Calculate the remainder when 61 is divided by g.
5
Let f = -284 + 316. What is the remainder when 127 is divided by f?
31
Suppose 11 + 15 = 13*z. What is the remainder when 47 is divided by z?
1
Let s = 4 + 37. Let y(g) = 3*g + 35. What is the remainder when s is divided by y(-8)?
8
Suppose 150 = 5*k - 4*y, -3*k + 4 = 2*y - 64. Let x(v) = 86*v + 1. Let t be x(-1). Let a = t - -186. Calculate the remainder when a is divided by k.
23
Let t = -65 - -103. Calculate the remainder when 6/33 + -1 + 2066/11 is divided by t.
35
Let j be 4/24 + 2*(-68)/(-48). Suppose -2*r + 53 = -3*n, -3*n = -4*n - j. What is the remainder when 36 is divided by r?
14
Suppose 8*y = 198 + 106. Calculate the remainder when 139 is divided by y.
25
Suppose 29 = u + 2*v - 4*v, -5*u - v = -200. Calculate the remainder when u is divided by 21.
18
Suppose -1 = k - 9. Let d = -4 + k. Let x = -170 + 183. Calculate the remainder when x is divided by d.
1
Suppose -5*n = q - 32, 8*n - 3*n + 19 = 2*q. Let l = -21 + 27. What is the remainder when q is divided by l?
5
Let g be (-1 - (-2 - -2)) + 1. Suppose g = 2*i - 81 - 29. Calculate the remainder when i is divided by 14.
13
Suppose 0 = -k - 4*w + 75, -3*k + 293 = -0*k - 5*w. Let i = k + -83. Calculate the remainder when 86 is divided by i.
6
Let m(y) be the first derivative of y**3/3 - y**2/2 + 13*y + 3. Let z = -2 + 51. Calculate the remainder when z is divided by m(0).
10
Suppose -4*j - 286 = -4*d - 2*j, -2*j + 69 = d. Suppose -5*l - 5*z + 89 + 51 = 0, 12 = 3*z. What is the remainder when d is divided by l?
23
Suppose 1738 = 1574*g - 1563*g. Calculate the remainder when g is divided by 61.
36
What is the remainder when 258 + 1 + (-1 - -1) is divided by 4*(-17)/(-340) + (-1 - (-528)/10)?
51
Let v(m) = 11*m**3 - 2*m**2 + 4*m - 4. Calculate the remainder when 231 is divided by v(1).
6
Let q be (1 - -4) + 6 + -5. Suppose 2*l + 3*d - q*d = 75, 5*l - 3*d - 201 = 0. Calculate the remainder when l is divided by 16.
10
Let m(k) = k**2 - 6*k + 5. Let 